{"id":4231,"date":"2022-04-15T18:10:06","date_gmt":"2022-04-15T16:10:06","guid":{"rendered":"http:\/\/www.ej-hiddenhausen.de\/?page_id=4231"},"modified":"2022-04-15T18:48:14","modified_gmt":"2022-04-15T16:48:14","slug":"konfi-wochenende-oetinghausen","status":"publish","type":"page","link":"http:\/\/www.ej-hiddenhausen.de\/?page_id=4231","title":{"rendered":"Konfi Wochenende Oetinghausen 2022"},"content":{"rendered":"<p style=\"text-align: left;\">Am 11. Februar ging es endlich wieder auf ein Konfi Wochenende in der Bergh\u00fctte R\u00f6dinghausen mit der Gruppe aus Oetinghausen mit ihrem Pfarrer Martin Brings. Nach einer schnellen Anreise wurden auch schon ein paar Lieder getr\u00e4llert und dann nach der Zimmervergabe eine schwierige Frage diskutiert: Was ist eigentlich Gl\u00fcck und was bedeutet es gl\u00fccklich zu sein? Nach langer Diskussion kamen viele verschiedene Antworten zutage, die alle gleichzeitig gut, aber auch nicht ganz zufriedenstellend waren. Mit dieser Frage immer noch im Kopf ging es dann weiter mit der Gestaltung eines Hemdes, aber nicht nur irgendeines Hemdes, sondern dem Hemd des Gl\u00fccklichen. Als alle ihr Hemd hatten gab es auch schon Essen gefolgt von einem spektakul\u00e4rem Spieleabend, bei dem die Jungs mit Haaresbreite gegen die M\u00e4dchen gewannen und sich somit einen Bediensteten f\u00fcr das Fr\u00fchst\u00fcck angelten. Nach dem Fr\u00fchst\u00fcck gab es auch schon direkt die n\u00e4chste Thematische Session bei der das Hauptthema des Konfi-Wochenendes angeschnitten wurde: Die Taufe. Diese wurde in kleinen Gruppen bearbeitet und auf verschiedene Weisen dargestellt, von Bildern \u00fcber Schauspiel und Standbildern war alles dabei. Nach dem Mittagessen (bei dem es lecker Burger gab) wurde das Thema Taufe weiterbearbeitet, mit Tauf-Gegenst\u00e4nden und Ritualen die eine Taufe begleiten. Nach so viel \u00fcberlegen und sitzen war etwas Action gefragt, also ging es ab in den Wald zu einem Spannungsgeladenem Waldspiel, welches nochmal alle ordentlich austobte, so dass alle erstmal eine kleine entspann Pause brauchten. Und was eignet sich da besser als etwas kreativ Arbeit. W\u00e4hrend zwei der Konfis sich mit Pfarrer Brings \u00fcber m\u00f6gliche Taufspr\u00fcche unterhielten wurde im Nebenraum flei\u00dfig an Taufkerzen und Gl\u00fcckw\u00fcnschen gearbeitet denn das Thema Taufe war nicht willk\u00fcrlich gew\u00e4hlt, zwei der Konfis sollten w\u00e4hrend des Konfi Wochenendes getauft werden. Als alle Vorbereitungen getroffen wurden und sich das letzte Abendessen einverleibt wurde, kam es auch schon zum n\u00e4chsten Highlight, dem traditionellem Konfi-Lotto. Bei diesem verr\u00fcckten Programm konnten sich die Konfis in kleinen Spielen gegeneinander beweisen und einen gro\u00dfen Preis erzielen. Und wenn das noch nicht genug war ging es danach noch auf eine sp\u00e4te Nachtwanderung, mit einer Brandneuen Route und vielen \u00dcberraschungen auf dem Weg.<\/p>\n<p style=\"text-align: left;\">Am N\u00e4chsten Morgen war es dann schlie\u00dflich soweit: der gro\u00dfe Konfi-Wochenende-Tauf-Gottesdienst. Nach einer Predigt \u00fcber Schnmusis wurden die beiden Konfis endlich getauft und konnten sich in das gro\u00dfe Taufbuch eintragen. Danach wurden nur noch die Koffer gepackt, Zimmer auf Vordermann gebracht und ein Gruppenfoto gemacht und schon war das Oetinghauser Konfi Wochenende auch schon vorbei.<\/p>\n<p>&nbsp;<\/p>\n<p><img loading=\"lazy\" decoding=\"async\" class=\"alignnone size-medium wp-image-4232\" src=\"http:\/\/www.ej-hiddenhausen.de\/wp-content\/uploads\/2022\/04\/IMG_3944-300x200.jpg\" alt=\"\" width=\"300\" height=\"200\" srcset=\"http:\/\/www.ej-hiddenhausen.de\/wp-content\/uploads\/2022\/04\/IMG_3944-300x200.jpg 300w, http:\/\/www.ej-hiddenhausen.de\/wp-content\/uploads\/2022\/04\/IMG_3944-845x563.jpg 845w, http:\/\/www.ej-hiddenhausen.de\/wp-content\/uploads\/2022\/04\/IMG_3944-110x73.jpg 110w, http:\/\/www.ej-hiddenhausen.de\/wp-content\/uploads\/2022\/04\/IMG_3944-768x512.jpg 768w, http:\/\/www.ej-hiddenhausen.de\/wp-content\/uploads\/2022\/04\/IMG_3944-1536x1024.jpg 1536w, http:\/\/www.ej-hiddenhausen.de\/wp-content\/uploads\/2022\/04\/IMG_3944.jpg 1920w\" sizes=\"auto, (max-width: 300px) 100vw, 300px\" \/><img loading=\"lazy\" decoding=\"async\" class=\"alignnone size-medium wp-image-4234\" src=\"http:\/\/www.ej-hiddenhausen.de\/wp-content\/uploads\/2022\/04\/IMG_3860-300x200.jpg\" alt=\"\" width=\"300\" height=\"200\" srcset=\"http:\/\/www.ej-hiddenhausen.de\/wp-content\/uploads\/2022\/04\/IMG_3860-300x200.jpg 300w, http:\/\/www.ej-hiddenhausen.de\/wp-content\/uploads\/2022\/04\/IMG_3860-845x563.jpg 845w, http:\/\/www.ej-hiddenhausen.de\/wp-content\/uploads\/2022\/04\/IMG_3860-110x73.jpg 110w, http:\/\/www.ej-hiddenhausen.de\/wp-content\/uploads\/2022\/04\/IMG_3860-768x512.jpg 768w, http:\/\/www.ej-hiddenhausen.de\/wp-content\/uploads\/2022\/04\/IMG_3860-1536x1024.jpg 1536w, http:\/\/www.ej-hiddenhausen.de\/wp-content\/uploads\/2022\/04\/IMG_3860.jpg 1920w\" sizes=\"auto, (max-width: 300px) 100vw, 300px\" \/><img loading=\"lazy\" decoding=\"async\" class=\"alignnone size-medium wp-image-4237\" src=\"http:\/\/www.ej-hiddenhausen.de\/wp-content\/uploads\/2022\/04\/IMG_3677-300x200.jpg\" alt=\"\" width=\"300\" height=\"200\" srcset=\"http:\/\/www.ej-hiddenhausen.de\/wp-content\/uploads\/2022\/04\/IMG_3677-300x200.jpg 300w, http:\/\/www.ej-hiddenhausen.de\/wp-content\/uploads\/2022\/04\/IMG_3677-845x563.jpg 845w, http:\/\/www.ej-hiddenhausen.de\/wp-content\/uploads\/2022\/04\/IMG_3677-110x73.jpg 110w, http:\/\/www.ej-hiddenhausen.de\/wp-content\/uploads\/2022\/04\/IMG_3677-768x512.jpg 768w, http:\/\/www.ej-hiddenhausen.de\/wp-content\/uploads\/2022\/04\/IMG_3677-1536x1024.jpg 1536w, http:\/\/www.ej-hiddenhausen.de\/wp-content\/uploads\/2022\/04\/IMG_3677.jpg 1920w\" sizes=\"auto, (max-width: 300px) 100vw, 300px\" \/><img loading=\"lazy\" decoding=\"async\" class=\"alignnone size-medium wp-image-4238\" src=\"http:\/\/www.ej-hiddenhausen.de\/wp-content\/uploads\/2022\/04\/IMG_3661-300x200.jpg\" alt=\"\" width=\"300\" height=\"200\" srcset=\"http:\/\/www.ej-hiddenhausen.de\/wp-content\/uploads\/2022\/04\/IMG_3661-300x200.jpg 300w, http:\/\/www.ej-hiddenhausen.de\/wp-content\/uploads\/2022\/04\/IMG_3661-845x563.jpg 845w, http:\/\/www.ej-hiddenhausen.de\/wp-content\/uploads\/2022\/04\/IMG_3661-110x73.jpg 110w, http:\/\/www.ej-hiddenhausen.de\/wp-content\/uploads\/2022\/04\/IMG_3661-768x512.jpg 768w, http:\/\/www.ej-hiddenhausen.de\/wp-content\/uploads\/2022\/04\/IMG_3661-1536x1024.jpg 1536w, http:\/\/www.ej-hiddenhausen.de\/wp-content\/uploads\/2022\/04\/IMG_3661.jpg 1920w\" sizes=\"auto, (max-width: 300px) 100vw, 300px\" \/><img loading=\"lazy\" decoding=\"async\" class=\"alignnone size-medium wp-image-4239\" src=\"http:\/\/www.ej-hiddenhausen.de\/wp-content\/uploads\/2022\/04\/IMG_3911-300x200.jpg\" alt=\"\" width=\"300\" height=\"200\" srcset=\"http:\/\/www.ej-hiddenhausen.de\/wp-content\/uploads\/2022\/04\/IMG_3911-300x200.jpg 300w, http:\/\/www.ej-hiddenhausen.de\/wp-content\/uploads\/2022\/04\/IMG_3911-845x563.jpg 845w, http:\/\/www.ej-hiddenhausen.de\/wp-content\/uploads\/2022\/04\/IMG_3911-110x73.jpg 110w, http:\/\/www.ej-hiddenhausen.de\/wp-content\/uploads\/2022\/04\/IMG_3911-768x512.jpg 768w, http:\/\/www.ej-hiddenhausen.de\/wp-content\/uploads\/2022\/04\/IMG_3911-1536x1024.jpg 1536w, http:\/\/www.ej-hiddenhausen.de\/wp-content\/uploads\/2022\/04\/IMG_3911.jpg 1920w\" sizes=\"auto, (max-width: 300px) 100vw, 300px\" \/><img loading=\"lazy\" decoding=\"async\" class=\"alignnone size-medium wp-image-4233\" src=\"http:\/\/www.ej-hiddenhausen.de\/wp-content\/uploads\/2022\/04\/IMG_3703-300x200.jpg\" alt=\"\" width=\"300\" height=\"200\" srcset=\"http:\/\/www.ej-hiddenhausen.de\/wp-content\/uploads\/2022\/04\/IMG_3703-300x200.jpg 300w, http:\/\/www.ej-hiddenhausen.de\/wp-content\/uploads\/2022\/04\/IMG_3703-845x563.jpg 845w, http:\/\/www.ej-hiddenhausen.de\/wp-content\/uploads\/2022\/04\/IMG_3703-110x73.jpg 110w, http:\/\/www.ej-hiddenhausen.de\/wp-content\/uploads\/2022\/04\/IMG_3703-768x512.jpg 768w, http:\/\/www.ej-hiddenhausen.de\/wp-content\/uploads\/2022\/04\/IMG_3703-1536x1024.jpg 1536w, http:\/\/www.ej-hiddenhausen.de\/wp-content\/uploads\/2022\/04\/IMG_3703.jpg 1920w\" sizes=\"auto, (max-width: 300px) 100vw, 300px\" \/><img loading=\"lazy\" decoding=\"async\" class=\"alignnone size-medium wp-image-4236\" src=\"http:\/\/www.ej-hiddenhausen.de\/wp-content\/uploads\/2022\/04\/IMG_3931-300x200.jpg\" alt=\"\" width=\"300\" height=\"200\" srcset=\"http:\/\/www.ej-hiddenhausen.de\/wp-content\/uploads\/2022\/04\/IMG_3931-300x200.jpg 300w, http:\/\/www.ej-hiddenhausen.de\/wp-content\/uploads\/2022\/04\/IMG_3931-845x563.jpg 845w, http:\/\/www.ej-hiddenhausen.de\/wp-content\/uploads\/2022\/04\/IMG_3931-110x73.jpg 110w, http:\/\/www.ej-hiddenhausen.de\/wp-content\/uploads\/2022\/04\/IMG_3931-768x512.jpg 768w, http:\/\/www.ej-hiddenhausen.de\/wp-content\/uploads\/2022\/04\/IMG_3931-1536x1024.jpg 1536w, http:\/\/www.ej-hiddenhausen.de\/wp-content\/uploads\/2022\/04\/IMG_3931.jpg 1920w\" sizes=\"auto, (max-width: 300px) 100vw, 300px\" \/><img loading=\"lazy\" decoding=\"async\" class=\"alignnone size-medium wp-image-4235\" src=\"http:\/\/www.ej-hiddenhausen.de\/wp-content\/uploads\/2022\/04\/IMG_3926-300x200.jpg\" alt=\"\" width=\"300\" height=\"200\" srcset=\"http:\/\/www.ej-hiddenhausen.de\/wp-content\/uploads\/2022\/04\/IMG_3926-300x200.jpg 300w, http:\/\/www.ej-hiddenhausen.de\/wp-content\/uploads\/2022\/04\/IMG_3926-845x563.jpg 845w, http:\/\/www.ej-hiddenhausen.de\/wp-content\/uploads\/2022\/04\/IMG_3926-110x73.jpg 110w, http:\/\/www.ej-hiddenhausen.de\/wp-content\/uploads\/2022\/04\/IMG_3926-768x512.jpg 768w, http:\/\/www.ej-hiddenhausen.de\/wp-content\/uploads\/2022\/04\/IMG_3926-1536x1024.jpg 1536w, http:\/\/www.ej-hiddenhausen.de\/wp-content\/uploads\/2022\/04\/IMG_3926.jpg 1920w\" sizes=\"auto, (max-width: 300px) 100vw, 300px\" \/><\/p>\n","protected":false},"excerpt":{"rendered":"<p>Am 11. Februar ging es endlich wieder auf ein Konfi Wochenende in der Bergh\u00fctte R\u00f6dinghausen mit der Gruppe aus Oetinghausen mit ihrem Pfarrer Martin Brings. Nach einer schnellen Anreise wurden auch schon ein paar Lieder getr\u00e4llert und dann nach der Zimmervergabe eine schwierige Frage diskutiert: Was ist eigentlich Gl\u00fcck und was bedeutet es gl\u00fccklich zu sein? Nach langer Diskussion kamen viele verschiedene Antworten zutage, die alle gleichzeitig gut, aber auch &hellip; <\/p>\n","protected":false},"author":11,"featured_media":0,"parent":9,"menu_order":0,"comment_status":"closed","ping_status":"closed","template":"","meta":{"ngg_post_thumbnail":0,"_mc_calendar":[],"footnotes":""},"class_list":["post-4231","page","type-page","status-publish","hentry"],"_links":{"self":[{"href":"http:\/\/www.ej-hiddenhausen.de\/index.php?rest_route=\/wp\/v2\/pages\/4231","targetHints":{"allow":["GET"]}}],"collection":[{"href":"http:\/\/www.ej-hiddenhausen.de\/index.php?rest_route=\/wp\/v2\/pages"}],"about":[{"href":"http:\/\/www.ej-hiddenhausen.de\/index.php?rest_route=\/wp\/v2\/types\/page"}],"author":[{"embeddable":true,"href":"http:\/\/www.ej-hiddenhausen.de\/index.php?rest_route=\/wp\/v2\/users\/11"}],"replies":[{"embeddable":true,"href":"http:\/\/www.ej-hiddenhausen.de\/index.php?rest_route=%2Fwp%2Fv2%2Fcomments&post=4231"}],"version-history":[{"count":2,"href":"http:\/\/www.ej-hiddenhausen.de\/index.php?rest_route=\/wp\/v2\/pages\/4231\/revisions"}],"predecessor-version":[{"id":4241,"href":"http:\/\/www.ej-hiddenhausen.de\/index.php?rest_route=\/wp\/v2\/pages\/4231\/revisions\/4241"}],"up":[{"embeddable":true,"href":"http:\/\/www.ej-hiddenhausen.de\/index.php?rest_route=\/wp\/v2\/pages\/9"}],"wp:attachment":[{"href":"http:\/\/www.ej-hiddenhausen.de\/index.php?rest_route=%2Fwp%2Fv2%2Fmedia&parent=4231"}],"curies":[{"name":"wp","href":"https:\/\/api.w.org\/{rel}","templated":true}]}}